{"id":6404,"date":"2020-08-27T00:49:17","date_gmt":"2020-08-27T00:49:17","guid":{"rendered":"https:\/\/open-eb.co\/?page_id=6404"},"modified":"2021-05-18T01:16:59","modified_gmt":"2021-05-18T01:16:59","slug":"facturacion-web","status":"publish","type":"page","link":"https:\/\/open-eb.co\/index.php\/facturacion-web\/","title":{"rendered":"Facturaci\u00f3n Web"},"content":{"rendered":"<p>[vc_row content_width=\u00bbgrid\u00bb css=\u00bb.vc_custom_1469803774635{padding-top: 107px !important;padding-bottom: 98px !important;}\u00bb][vc_column][vc_row_inner][vc_column_inner css=\u00bb.vc_custom_1598577420013{margin-top: 0px !important;margin-bottom: 0px !important;}\u00bb][vc_single_image image=\u00bb6409&#8243; img_size=\u00bbfull\u00bb alignment=\u00bbcenter\u00bb css_animation=\u00bbflipInY\u00bb][\/vc_column_inner][\/vc_row_inner][\/vc_column][\/vc_row][vc_row content_width=\u00bbgrid\u00bb css=\u00bb.vc_custom_1598589681662{padding-top: 20px !important;padding-bottom: 20px !important;background-color: #1e73be !important;}\u00bb][vc_column][vc_row_inner][vc_column_inner width=\u00bb1\/5&#8243;]<div class=\"qodef-pricing-info \">\n    <div class=\"qodef-pricing-info-inner\">\n                <h5 class=\"qodef-pricing-info-title\">\n            PLAN ETL-20        <\/h5>\n        <div class=\"qodef-pricing-info-description\">\n            <strong><small>$288.000 A\u00f1o<small><\/small><\/small><\/strong><\/p>\n<p><small>-20 Doc. \/ Mes<\/small><br \/>\n<small>-1 Usuario<\/small><br \/>\n<small>-Soporte<\/small>        <\/div>\n        <div class=\"qodef-pricing-info-pricing\">\n            <span class=\"qodef-value\">$<\/span>\n            <span class=\"qodef-price\">24.000<\/span>\n            <span class=\"qodef-mark\">Mes<\/span>\n        <\/div>\n                    <div class=\"qodef-pricing-info-button\">\n                <a href=\"#pie\" target=\"_self\"  class=\"qodef-btn qodef-btn-large qodef-btn-default\"  >        <span class=\"qodef-btn-text\">M\u00e1s<\/span>    <span class=\"qodef-btn-text-icon\"><\/span><\/a>            <\/div>\n            <\/div>\n<\/div>[\/vc_column_inner][vc_column_inner width=\u00bb1\/5&#8243;]<div class=\"qodef-pricing-info \">\n    <div class=\"qodef-pricing-info-inner\">\n                <h5 class=\"qodef-pricing-info-title\">\n            PLAN ETL-50        <\/h5>\n        <div class=\"qodef-pricing-info-description\">\n            <strong><small>$660.000 A\u00f1o<small><\/small><\/small><\/strong><\/p>\n<p><small>-50 Doc. \/ Mes<\/small><br \/>\n<small>-2 Usuarios<\/small><br \/>\n<small>-Soporte<\/small>        <\/div>\n        <div class=\"qodef-pricing-info-pricing\">\n            <span class=\"qodef-value\">$<\/span>\n            <span class=\"qodef-price\">55.000<\/span>\n            <span class=\"qodef-mark\">Mes<\/span>\n        <\/div>\n                    <div class=\"qodef-pricing-info-button\">\n                <a href=\"#pie\" target=\"_self\"  class=\"qodef-btn qodef-btn-large qodef-btn-default\"  >        <span class=\"qodef-btn-text\">M\u00e1s<\/span>    <span class=\"qodef-btn-text-icon\"><\/span><\/a>            <\/div>\n            <\/div>\n<\/div>[\/vc_column_inner][vc_column_inner width=\u00bb1\/5&#8243;]<div class=\"qodef-pricing-info \">\n    <div class=\"qodef-pricing-info-inner\">\n                <h5 class=\"qodef-pricing-info-title\">\n            PLAN ETL-100        <\/h5>\n        <div class=\"qodef-pricing-info-description\">\n            <strong><small>$1.200.000 A\u00f1o<small><\/small><\/small><\/strong><\/p>\n<p><small>-100 Doc. \/ Mes<\/small><br \/>\n<small>-3 Usuarios<\/small><br \/>\n<small>-Soporte<\/small>        <\/div>\n        <div class=\"qodef-pricing-info-pricing\">\n            <span class=\"qodef-value\">$<\/span>\n            <span class=\"qodef-price\">100.000<\/span>\n            <span class=\"qodef-mark\">Mes<\/span>\n        <\/div>\n                    <div class=\"qodef-pricing-info-button\">\n                <a href=\"#pie\" target=\"_self\"  class=\"qodef-btn qodef-btn-large qodef-btn-default\"  >        <span class=\"qodef-btn-text\">M\u00e1s<\/span>    <span class=\"qodef-btn-text-icon\"><\/span><\/a>            <\/div>\n            <\/div>\n<\/div>[\/vc_column_inner][vc_column_inner width=\u00bb1\/5&#8243;]<div class=\"qodef-pricing-info \">\n    <div class=\"qodef-pricing-info-inner\">\n                <h5 class=\"qodef-pricing-info-title\">\n            PLAN ETL-150        <\/h5>\n        <div class=\"qodef-pricing-info-description\">\n            <strong><small>$1.620.000 A\u00f1o<small><\/small><\/small><\/strong><\/p>\n<p><small>-150 Doc. \/ Mes<\/small><br \/>\n<small>-4 Usuarios<\/small><br \/>\n<small>-Soporte<\/small>        <\/div>\n        <div class=\"qodef-pricing-info-pricing\">\n            <span class=\"qodef-value\">$<\/span>\n            <span class=\"qodef-price\">135.000<\/span>\n            <span class=\"qodef-mark\">Mes<\/span>\n        <\/div>\n                    <div class=\"qodef-pricing-info-button\">\n                <a href=\"#pie\" target=\"_self\"  class=\"qodef-btn qodef-btn-large qodef-btn-default\"  >        <span class=\"qodef-btn-text\">M\u00e1s<\/span>    <span class=\"qodef-btn-text-icon\"><\/span><\/a>            <\/div>\n            <\/div>\n<\/div>[\/vc_column_inner][vc_column_inner width=\u00bb1\/5&#8243;]<div class=\"qodef-pricing-info \">\n    <div class=\"qodef-pricing-info-inner\">\n                <h5 class=\"qodef-pricing-info-title\">\n            PLAN ETL-200        <\/h5>\n        <div class=\"qodef-pricing-info-description\">\n            <strong><small>$1.920.000 A\u00f1o<small><\/small><\/small><\/strong><\/p>\n<p><small>-200 Doc. \/ Mes<\/small><br \/>\n<small>-5 Usuarios<\/small><br \/>\n<small>-Soporte<\/small>        <\/div>\n        <div class=\"qodef-pricing-info-pricing\">\n            <span class=\"qodef-value\">$<\/span>\n            <span class=\"qodef-price\">160.000<\/span>\n            <span class=\"qodef-mark\">Mes<\/span>\n        <\/div>\n                    <div class=\"qodef-pricing-info-button\">\n                <a href=\"#pie\" target=\"_self\"  class=\"qodef-btn qodef-btn-large qodef-btn-default\"  >        <span class=\"qodef-btn-text\">M\u00e1s<\/span>    <span class=\"qodef-btn-text-icon\"><\/span><\/a>            <\/div>\n            <\/div>\n<\/div>[\/vc_column_inner][\/vc_row_inner][\/vc_column][\/vc_row][vc_row][vc_column width=\u00bb1\/4&#8243; el_class=\u00bbuno\u00bb][vc_column_text css=\u00bb.vc_custom_1598582052201{padding-top: 50px !important;padding-right: 25px !important;padding-bottom: 50px !important;padding-left: 50px !important;}\u00bb]Tenemos lo que necesita, openETL es un software que le permite cumplir con los requisitos de la DIAN y as\u00ed poder transformar su proceso de emisi\u00f3n de facturas para que su empresa sea m\u00e1s productiva y rentable.[\/vc_column_text][\/vc_column][vc_column width=\u00bb1\/4&#8243; el_class=\u00bbdos\u00bb][vc_column_text css=\u00bb.vc_custom_1598582335283{padding-top: 50px !important;padding-right: 25px !important;padding-bottom: 50px !important;padding-left: 25px !important;}\u00bb]Con <strong>openETL<\/strong> optimice el tiempo y simplifique su proceso de emisi\u00f3n y entrega de facturas.[\/vc_column_text][\/vc_column][vc_column width=\u00bb1\/4&#8243; el_class=\u00bbtres\u00bb][vc_column_text css=\u00bb.vc_custom_1598582322833{padding-top: 50px !important;padding-right: 25px !important;padding-bottom: 50px !important;padding-left: 25px !important;}\u00bb]Administre su proceso de facturaci\u00f3n y el env\u00edo de documentos al cliente con <strong>openETL<\/strong>, le permitimos facturar y auditar.[\/vc_column_text][\/vc_column][vc_column width=\u00bb1\/4&#8243; el_class=\u00bbcuatro\u00bb][vc_column_text css=\u00bb.vc_custom_1598582309590{padding-top: 50px !important;padding-right: 50px !important;padding-bottom: 50px !important;padding-left: 25px !important;}\u00bb]No necesita instalar nada, <strong>openETL<\/strong> funciona en ambiente web y le permite conectarse desde cualquier dispositivo.[\/vc_column_text][\/vc_column][\/vc_row][vc_row el_id=\u00bbpie\u00bb][vc_column][\/vc_column][\/vc_row]<\/p>\n","protected":false},"excerpt":{"rendered":"<p>[vc_row content_width=\u00bbgrid\u00bb css=\u00bb.vc_custom_1469803774635{padding-top: 107px !important;padding-bottom: 98px !important;}\u00bb][vc_column][vc_row_inner][vc_column_inner css=\u00bb.vc_custom_1598577420013{margin-top: 0px !important;margin-bottom: 0px !important;}\u00bb][vc_single_image image=\u00bb6409&#8243; img_size=\u00bbfull\u00bb alignment=\u00bbcenter\u00bb css_animation=\u00bbflipInY\u00bb][\/vc_column_inner][\/vc_row_inner][\/vc_column][\/vc_row][vc_row content_width=\u00bbgrid\u00bb css=\u00bb.vc_custom_1598589681662{padding-top: 20px !important;padding-bottom: 20px&#8230;<\/p>\n","protected":false},"author":1,"featured_media":0,"parent":0,"menu_order":0,"comment_status":"closed","ping_status":"closed","template":"full-width.php","meta":[],"yoast_head":"<!-- This site is optimized with the Yoast SEO Premium plugin v15.2.1 - https:\/\/yoast.com\/wordpress\/plugins\/seo\/ -->\n<title>OPEN ETL - Facturaci\u00f3n Web<\/title>\n<meta name=\"description\" content=\"Tenemos lo que necesita, openETL es un software que le permite cumplir con los requisitos de la DIAN y as\u00ed poder transformar su proceso de emisi\u00f3n de facturas para que su empresa sea m\u00e1s productiva y rentable.\" \/>\n<meta name=\"robots\" content=\"index, follow, max-snippet:-1, max-image-preview:large, max-video-preview:-1\" \/>\n<link rel=\"canonical\" href=\"https:\/\/open-eb.co\/index.php\/facturacion-web\/\" \/>\n<meta property=\"og:locale\" content=\"es_ES\" \/>\n<meta property=\"og:type\" content=\"article\" \/>\n<meta property=\"og:title\" content=\"OPEN ETL - Facturaci\u00f3n Web\" \/>\n<meta property=\"og:description\" content=\"Tenemos lo que necesita, openETL es un software que le permite cumplir con los requisitos de la DIAN y as\u00ed poder transformar su proceso de emisi\u00f3n de facturas para que su empresa sea m\u00e1s productiva y rentable.\" \/>\n<meta property=\"og:url\" content=\"https:\/\/open-eb.co\/index.php\/facturacion-web\/\" \/>\n<meta property=\"og:site_name\" content=\"Opentecnolog\u00eda\" \/>\n<meta property=\"article:publisher\" content=\"https:\/\/www.facebook.com\/opentecoficial\" \/>\n<meta property=\"article:modified_time\" content=\"2021-05-18T01:16:59+00:00\" \/>\n<meta property=\"og:image\" content=\"https:\/\/open-eb.co\/wp-content\/uploads\/2021\/05\/op-etl.jpg\" \/>\n\t<meta property=\"og:image:width\" content=\"1280\" \/>\n\t<meta property=\"og:image:height\" content=\"720\" \/>\n<meta name=\"twitter:card\" content=\"summary_large_image\" \/>\n<meta name=\"twitter:title\" content=\"OPEN ETL - Facturaci\u00f3n Web\" \/>\n<meta name=\"twitter:description\" content=\"Tenemos lo que necesita, openETL es un software que le permite cumplir con los requisitos de la DIAN y as\u00ed poder transformar su proceso de emisi\u00f3n de facturas para que su empresa sea m\u00e1s productiva y rentable.\" \/>\n<meta name=\"twitter:creator\" content=\"@OpenTecOficial\" \/>\n<meta name=\"twitter:site\" content=\"@OpenTecOficial\" \/>\n<meta name=\"twitter:label1\" content=\"Escrito por\">\n\t<meta name=\"twitter:data1\" content=\"admin\">\n\t<meta name=\"twitter:label2\" content=\"Tiempo de lectura\">\n\t<meta name=\"twitter:data2\" content=\"2 minutos\">\n<script type=\"application\/ld+json\" class=\"yoast-schema-graph\">{\"@context\":\"https:\/\/schema.org\",\"@graph\":[{\"@type\":\"Organization\",\"@id\":\"https:\/\/open-eb.co\/#organization\",\"name\":\"Open Tecnolog\\u00eda\",\"url\":\"https:\/\/open-eb.co\/\",\"sameAs\":[\"https:\/\/www.facebook.com\/opentecoficial\",\"https:\/\/www.instagram.com\/opentecnologia_\/\",\"https:\/\/www.youtube.com\/channel\/UCwMFj8DyKs5sK1qhzGS4sdA\",\"https:\/\/twitter.com\/OpenTecOficial\"],\"logo\":{\"@type\":\"ImageObject\",\"@id\":\"https:\/\/open-eb.co\/#logo\",\"inLanguage\":\"es\",\"url\":\"https:\/\/open-eb.co\/wp-content\/uploads\/2020\/09\/open.jpg\",\"width\":1280,\"height\":720,\"caption\":\"Open Tecnolog\\u00eda\"},\"image\":{\"@id\":\"https:\/\/open-eb.co\/#logo\"}},{\"@type\":\"WebSite\",\"@id\":\"https:\/\/open-eb.co\/#website\",\"url\":\"https:\/\/open-eb.co\/\",\"name\":\"Opentecnolog\\u00eda\",\"description\":\"Somos expertos en dise\\u00f1ar e implementar soluciones integrales y estructuradas de software sobre plataformas de \\u00faltima generaci\\u00f3n.\",\"publisher\":{\"@id\":\"https:\/\/open-eb.co\/#organization\"},\"potentialAction\":[{\"@type\":\"SearchAction\",\"target\":\"https:\/\/open-eb.co\/?s={search_term_string}\",\"query-input\":\"required name=search_term_string\"}],\"inLanguage\":\"es\"},{\"@type\":\"WebPage\",\"@id\":\"https:\/\/open-eb.co\/index.php\/facturacion-web\/#webpage\",\"url\":\"https:\/\/open-eb.co\/index.php\/facturacion-web\/\",\"name\":\"OPEN ETL - Facturaci\\u00f3n Web\",\"isPartOf\":{\"@id\":\"https:\/\/open-eb.co\/#website\"},\"datePublished\":\"2020-08-27T00:49:17+00:00\",\"dateModified\":\"2021-05-18T01:16:59+00:00\",\"description\":\"Tenemos lo que necesita, openETL es un software que le permite cumplir con los requisitos de la DIAN y as\\u00ed poder transformar su proceso de emisi\\u00f3n de facturas para que su empresa sea m\\u00e1s productiva y rentable.\",\"inLanguage\":\"es\",\"potentialAction\":[{\"@type\":\"ReadAction\",\"target\":[\"https:\/\/open-eb.co\/index.php\/facturacion-web\/\"]}]}]}<\/script>\n<!-- \/ Yoast SEO Premium plugin. -->","_links":{"self":[{"href":"https:\/\/open-eb.co\/index.php\/wp-json\/wp\/v2\/pages\/6404"}],"collection":[{"href":"https:\/\/open-eb.co\/index.php\/wp-json\/wp\/v2\/pages"}],"about":[{"href":"https:\/\/open-eb.co\/index.php\/wp-json\/wp\/v2\/types\/page"}],"author":[{"embeddable":true,"href":"https:\/\/open-eb.co\/index.php\/wp-json\/wp\/v2\/users\/1"}],"replies":[{"embeddable":true,"href":"https:\/\/open-eb.co\/index.php\/wp-json\/wp\/v2\/comments?post=6404"}],"version-history":[{"count":1,"href":"https:\/\/open-eb.co\/index.php\/wp-json\/wp\/v2\/pages\/6404\/revisions"}],"predecessor-version":[{"id":6812,"href":"https:\/\/open-eb.co\/index.php\/wp-json\/wp\/v2\/pages\/6404\/revisions\/6812"}],"wp:attachment":[{"href":"https:\/\/open-eb.co\/index.php\/wp-json\/wp\/v2\/media?parent=6404"}],"curies":[{"name":"wp","href":"https:\/\/api.w.org\/{rel}","templated":true}]}}