{"id":6913,"date":"2021-10-28T20:08:41","date_gmt":"2021-10-28T20:08:41","guid":{"rendered":"https:\/\/open-eb.co\/?page_id=6913"},"modified":"2021-11-12T14:54:52","modified_gmt":"2021-11-12T14:54:52","slug":"aviso-privacidad","status":"publish","type":"page","link":"https:\/\/open-eb.co\/index.php\/aviso-privacidad\/","title":{"rendered":"Aviso de Privacidad y Protecci\u00f3n de datos"},"content":{"rendered":"<p>[vc_row content_width=\u00bbgrid\u00bb content_aligment=\u00bbcenter\u00bb css=\u00bb.vc_custom_1594844574434{margin-right: 0px !important;margin-left: 0px !important;border-right-width: 0px !important;border-left-width: 0px !important;padding-top: 20px !important;padding-right: 0px !important;padding-bottom: 20px !important;padding-left: 0px !important;background-color: #f9f9f9 !important;background-position: center !important;background-repeat: no-repeat !important;background-size: cover !important;}\u00bb][vc_column css=\u00bb.vc_custom_1594775607949{padding-top: 50px !important;padding-bottom: 50px !important;}\u00bb][vc_column_text]<\/p>\n<h2><span class=\"TextRun MacChromeBold SCXW136756180 BCX0\" data-contrast=\"auto\"><span class=\"NormalTextRun SCXW136756180 BCX0\">AVISO DE PRIVACIDAD Y PROTECCI\u00d3N DE DATOS\u00a0<\/span><\/span><span class=\"EOP SCXW136756180 BCX0\" data-ccp-props=\"{&quot;201341983&quot;:0,&quot;335559740&quot;:276}\">\u00a0<\/span><\/h2>\n<p>[\/vc_column_text][\/vc_column][\/vc_row][vc_row][vc_column][vc_column_text]<\/p>\n<p style=\"text-align: left;\"><span data-contrast=\"auto\">OPENTECNOLOGIA SA<\/span><span data-contrast=\"auto\">;\u00a0<\/span><span data-contrast=\"auto\">en cumplimiento de lo establecido en la ley 1581 de 2012 y de acuerdo a su Pol\u00edtica de Protecci\u00f3n de Datos Personales\u00a0respeta la privacidad de cada uno de los terceros que le suministren sus Datos Personales por este medio. Los datos que OPENTECNOLOGIA SA\u00a0 recolecta de terceros, se procesan y usan de conformidad con las regulaciones actuales de protecci\u00f3n de informaci\u00f3n y privacidad en Colombia.<\/span><span data-ccp-props=\"{&quot;201341983&quot;:0,&quot;335551550&quot;:6,&quot;335551620&quot;:6,&quot;335559740&quot;:276}\">\u00a0<\/span><\/p>\n<p style=\"text-align: left;\"><span data-ccp-props=\"{&quot;201341983&quot;:0,&quot;335551550&quot;:6,&quot;335551620&quot;:6,&quot;335559740&quot;:276}\">\u00a0<\/span><\/p>\n<p style=\"text-align: left;\"><span data-contrast=\"auto\">OPENTECNOLOGIA SA, adopta\u00a0 las acciones humanas, procedimentales y de control necesarias para asegurar que los datos personales se mantienen \u00edntegros y disponibles evitando su p\u00e9rdida o acceso por terceros no autorizados. Los datos personales recolectados reposan en Sistemas de Informaci\u00f3n adquiridos por la organizaci\u00f3n.<\/span><span data-ccp-props=\"{&quot;201341983&quot;:0,&quot;335551550&quot;:6,&quot;335551620&quot;:6,&quot;335559740&quot;:276}\">\u00a0<\/span><\/p>\n<p style=\"text-align: left;\"><span data-ccp-props=\"{&quot;201341983&quot;:0,&quot;335551550&quot;:6,&quot;335551620&quot;:6,&quot;335559740&quot;:276}\">\u00a0<\/span><\/p>\n<p style=\"text-align: left;\"><span data-contrast=\"auto\">Los datos personales aqu\u00ed suministrados se someten a tratamiento y est\u00e1n relacionados entre otros a: raz\u00f3n social o nombre y apellidos, Nit o documento de identidad, domicilio, ciudad, pa\u00eds, n\u00famero de tel\u00e9fono fijo, n\u00famero de tel\u00e9fono m\u00f3vil y correo electr\u00f3nico;\u00a0 no se solicita ni realiza tratamiento sobre datos sensibles ni utilizamos sus datos para venderlos o intercambiarlos.<\/span><span data-ccp-props=\"{&quot;201341983&quot;:0,&quot;335551550&quot;:6,&quot;335551620&quot;:6,&quot;335559740&quot;:276}\">\u00a0<\/span><\/p>\n<p style=\"text-align: left;\"><span data-ccp-props=\"{&quot;201341983&quot;:0,&quot;335551550&quot;:6,&quot;335551620&quot;:6,&quot;335559740&quot;:276}\">\u00a0<\/span><\/p>\n<p style=\"text-align: left;\"><span data-contrast=\"auto\">Para mayor informaci\u00f3n relacionada con las disposiciones legales de protecci\u00f3n de datos, y aquellas relacionadas con los procedimientos de reclamo respecto de las mismas que puede realizar como titular, sugerimos consulte nuestra\u00a0<\/span><a href=\"https:\/\/open-eb.co\/wp-content\/uploads\/2021\/11\/D_PGR_023_V.05_Poli\u0301tica_Proteccion_Datos.docx.pdf\"><b><i><span data-contrast=\"auto\">Pol\u00edtica de Protecci\u00f3n de Datos Personales\u00a0<\/span><\/i><\/b><span data-ccp-props=\"{&quot;201341983&quot;:0,&quot;335551550&quot;:6,&quot;335551620&quot;:6,&quot;335559740&quot;:276}\">\u00a0<\/span><\/a><\/p>\n<p>[\/vc_column_text][\/vc_column][\/vc_row][vc_row][vc_column][vc_empty_space][\/vc_column][\/vc_row]<\/p>\n","protected":false},"excerpt":{"rendered":"<p>[vc_row content_width=\u00bbgrid\u00bb content_aligment=\u00bbcenter\u00bb css=\u00bb.vc_custom_1594844574434{margin-right: 0px !important;margin-left: 0px !important;border-right-width: 0px !important;border-left-width: 0px !important;padding-top: 20px !important;padding-right: 0px !important;padding-bottom: 20px !important;padding-left: 0px !important;background-color: #f9f9f9&#8230;<\/p>\n","protected":false},"author":1,"featured_media":0,"parent":0,"menu_order":0,"comment_status":"closed","ping_status":"closed","template":"","meta":[],"yoast_head":"<!-- This site is optimized with the Yoast SEO Premium plugin v15.2.1 - https:\/\/yoast.com\/wordpress\/plugins\/seo\/ -->\n<title>OPEN TECNOLOG\u00cdA - RADIAN<\/title>\n<meta name=\"description\" content=\"Registro, consulta y trazabilidad de Facturas Electr\u00f3nicas como t\u00edtulo valor administrado por la DIAN\" \/>\n<meta name=\"robots\" content=\"index, follow, max-snippet:-1, max-image-preview:large, max-video-preview:-1\" \/>\n<link rel=\"canonical\" href=\"https:\/\/open-eb.co\/index.php\/aviso-privacidad\/\" \/>\n<meta property=\"og:locale\" content=\"es_ES\" \/>\n<meta property=\"og:type\" content=\"article\" \/>\n<meta property=\"og:title\" content=\"Open Tecnolog\u00eda\" \/>\n<meta property=\"og:description\" content=\"Software para operaciones de comercio exterior, gesti\u00f3n electr\u00f3nica de documentos e intercambio de informaci\u00f3n, Facturaci\u00f3n Electr\u00f3nica. Proveedores Tecnol\u00f3gicos autorizados DIAN.\" \/>\n<meta property=\"og:url\" content=\"https:\/\/open-eb.co\/index.php\/aviso-privacidad\/\" \/>\n<meta property=\"og:site_name\" content=\"Opentecnolog\u00eda\" \/>\n<meta property=\"article:publisher\" content=\"https:\/\/www.facebook.com\/opentecoficial\" \/>\n<meta property=\"article:modified_time\" content=\"2021-11-12T14:54:52+00:00\" \/>\n<meta property=\"og:image\" content=\"https:\/\/open-eb.co\/wp-content\/uploads\/2020\/09\/open.jpg\" \/>\n\t<meta property=\"og:image:width\" content=\"1280\" \/>\n\t<meta property=\"og:image:height\" content=\"720\" \/>\n<meta name=\"twitter:card\" content=\"summary_large_image\" \/>\n<meta name=\"twitter:creator\" content=\"@OpenTecOficial\" \/>\n<meta name=\"twitter:site\" content=\"@OpenTecOficial\" \/>\n<meta name=\"twitter:label1\" content=\"Escrito por\">\n\t<meta name=\"twitter:data1\" content=\"admin\">\n\t<meta name=\"twitter:label2\" content=\"Tiempo de lectura\">\n\t<meta name=\"twitter:data2\" content=\"1 minuto\">\n<script type=\"application\/ld+json\" class=\"yoast-schema-graph\">{\"@context\":\"https:\/\/schema.org\",\"@graph\":[{\"@type\":\"Organization\",\"@id\":\"https:\/\/open-eb.co\/#organization\",\"name\":\"Open Tecnolog\\u00eda\",\"url\":\"https:\/\/open-eb.co\/\",\"sameAs\":[\"https:\/\/www.facebook.com\/opentecoficial\",\"https:\/\/www.instagram.com\/opentecnologia_\/\",\"https:\/\/www.youtube.com\/channel\/UCwMFj8DyKs5sK1qhzGS4sdA\",\"https:\/\/twitter.com\/OpenTecOficial\"],\"logo\":{\"@type\":\"ImageObject\",\"@id\":\"https:\/\/open-eb.co\/#logo\",\"inLanguage\":\"es\",\"url\":\"https:\/\/open-eb.co\/wp-content\/uploads\/2020\/09\/open.jpg\",\"width\":1280,\"height\":720,\"caption\":\"Open Tecnolog\\u00eda\"},\"image\":{\"@id\":\"https:\/\/open-eb.co\/#logo\"}},{\"@type\":\"WebSite\",\"@id\":\"https:\/\/open-eb.co\/#website\",\"url\":\"https:\/\/open-eb.co\/\",\"name\":\"Opentecnolog\\u00eda\",\"description\":\"Somos expertos en dise\\u00f1ar e implementar soluciones integrales y estructuradas de software sobre plataformas de \\u00faltima generaci\\u00f3n.\",\"publisher\":{\"@id\":\"https:\/\/open-eb.co\/#organization\"},\"potentialAction\":[{\"@type\":\"SearchAction\",\"target\":\"https:\/\/open-eb.co\/?s={search_term_string}\",\"query-input\":\"required name=search_term_string\"}],\"inLanguage\":\"es\"},{\"@type\":\"WebPage\",\"@id\":\"https:\/\/open-eb.co\/index.php\/aviso-privacidad\/#webpage\",\"url\":\"https:\/\/open-eb.co\/index.php\/aviso-privacidad\/\",\"name\":\"OPEN TECNOLOG\\u00cdA - RADIAN\",\"isPartOf\":{\"@id\":\"https:\/\/open-eb.co\/#website\"},\"datePublished\":\"2021-10-28T20:08:41+00:00\",\"dateModified\":\"2021-11-12T14:54:52+00:00\",\"description\":\"Registro, consulta y trazabilidad de Facturas Electr\\u00f3nicas como t\\u00edtulo valor administrado por la DIAN\",\"inLanguage\":\"es\",\"potentialAction\":[{\"@type\":\"ReadAction\",\"target\":[\"https:\/\/open-eb.co\/index.php\/aviso-privacidad\/\"]}]}]}<\/script>\n<!-- \/ Yoast SEO Premium plugin. -->","_links":{"self":[{"href":"https:\/\/open-eb.co\/index.php\/wp-json\/wp\/v2\/pages\/6913"}],"collection":[{"href":"https:\/\/open-eb.co\/index.php\/wp-json\/wp\/v2\/pages"}],"about":[{"href":"https:\/\/open-eb.co\/index.php\/wp-json\/wp\/v2\/types\/page"}],"author":[{"embeddable":true,"href":"https:\/\/open-eb.co\/index.php\/wp-json\/wp\/v2\/users\/1"}],"replies":[{"embeddable":true,"href":"https:\/\/open-eb.co\/index.php\/wp-json\/wp\/v2\/comments?post=6913"}],"version-history":[{"count":5,"href":"https:\/\/open-eb.co\/index.php\/wp-json\/wp\/v2\/pages\/6913\/revisions"}],"predecessor-version":[{"id":6915,"href":"https:\/\/open-eb.co\/index.php\/wp-json\/wp\/v2\/pages\/6913\/revisions\/6915"}],"wp:attachment":[{"href":"https:\/\/open-eb.co\/index.php\/wp-json\/wp\/v2\/media?parent=6913"}],"curies":[{"name":"wp","href":"https:\/\/api.w.org\/{rel}","templated":true}]}}

Aviso de Privacidad y Protección de datos

<p>[vc_row content_width=»grid» content_aligment=»center» css=».vc_custom_1594844574434{margin-right: 0px !important;margin-left: 0px !important;border-right-width: 0px !important;border-left-width: 0px !important;padding-top: 20px !important;padding-right: 0px !important;padding-bottom: 20px !important;padding-left: 0px !important;background-color: #f9f9f9 !important;background-position: center !important;background-repeat: no-repeat !important;background-size: cover !important;}»][vc_column css=».vc_custom_1594775607949{padding-top: 50px !important;padding-bottom: 50px !important;}»][vc_column_text]</p>
<h2><span class="TextRun MacChromeBold SCXW136756180 BCX0" data-contrast="auto"><span class="NormalTextRun SCXW136756180 BCX0">AVISO DE PRIVACIDAD Y PROTECCIÓN DE DATOS </span></span><span class="EOP SCXW136756180 BCX0" data-ccp-props="{&quot;201341983&quot;:0,&quot;335559740&quot;:276}"> </span></h2>
<p>[/vc_column_text][/vc_column][/vc_row][vc_row][vc_column][vc_column_text]</p>
<p style="text-align: left;"><span data-contrast="auto">OPENTECNOLOGIA SA</span><span data-contrast="auto">; </span><span data-contrast="auto">en cumplimiento de lo establecido en la ley 1581 de 2012 y de acuerdo a su Política de Protección de Datos Personales respeta la privacidad de cada uno de los terceros que le suministren sus Datos Personales por este medio. Los datos que OPENTECNOLOGIA SA  recolecta de terceros, se procesan y usan de conformidad con las regulaciones actuales de protección de información y privacidad en Colombia.</span><span data-ccp-props="{&quot;201341983&quot;:0,&quot;335551550&quot;:6,&quot;335551620&quot;:6,&quot;335559740&quot;:276}"> </span></p>
<p style="text-align: left;"><span data-ccp-props="{&quot;201341983&quot;:0,&quot;335551550&quot;:6,&quot;335551620&quot;:6,&quot;335559740&quot;:276}"> </span></p>
<p style="text-align: left;"><span data-contrast="auto">OPENTECNOLOGIA SA, adopta  las acciones humanas, procedimentales y de control necesarias para asegurar que los datos personales se mantienen íntegros y disponibles evitando su pérdida o acceso por terceros no autorizados. Los datos personales recolectados reposan en Sistemas de Información adquiridos por la organización.</span><span data-ccp-props="{&quot;201341983&quot;:0,&quot;335551550&quot;:6,&quot;335551620&quot;:6,&quot;335559740&quot;:276}"> </span></p>
<p style="text-align: left;"><span data-ccp-props="{&quot;201341983&quot;:0,&quot;335551550&quot;:6,&quot;335551620&quot;:6,&quot;335559740&quot;:276}"> </span></p>
<p style="text-align: left;"><span data-contrast="auto">Los datos personales aquí suministrados se someten a tratamiento y están relacionados entre otros a: razón social o nombre y apellidos, Nit o documento de identidad, domicilio, ciudad, país, número de teléfono fijo, número de teléfono móvil y correo electrónico;  no se solicita ni realiza tratamiento sobre datos sensibles ni utilizamos sus datos para venderlos o intercambiarlos.</span><span data-ccp-props="{&quot;201341983&quot;:0,&quot;335551550&quot;:6,&quot;335551620&quot;:6,&quot;335559740&quot;:276}"> </span></p>
<p style="text-align: left;"><span data-ccp-props="{&quot;201341983&quot;:0,&quot;335551550&quot;:6,&quot;335551620&quot;:6,&quot;335559740&quot;:276}"> </span></p>
<p style="text-align: left;"><span data-contrast="auto">Para mayor información relacionada con las disposiciones legales de protección de datos, y aquellas relacionadas con los procedimientos de reclamo respecto de las mismas que puede realizar como titular, sugerimos consulte nuestra </span><a href="https://open-eb.co/wp-content/uploads/2021/11/D_PGR_023_V.05_Política_Proteccion_Datos.docx.pdf"><b><i><span data-contrast="auto">Política de Protección de Datos Personales </span></i></b><span data-ccp-props="{&quot;201341983&quot;:0,&quot;335551550&quot;:6,&quot;335551620&quot;:6,&quot;335559740&quot;:276}"> </span></a></p>
<p>[/vc_column_text][/vc_column][/vc_row][vc_row][vc_column][vc_empty_space][/vc_column][/vc_row]</p>

<!-- This site is optimized with the Yoast SEO Premium plugin v15.2.1 - https://yoast.com/wordpress/plugins/seo/ -->
<title>OPEN TECNOLOGÍA - RADIAN</title>
<meta name="description" content="Registro, consulta y trazabilidad de Facturas Electrónicas como título valor administrado por la DIAN" />
<meta name="robots" content="index, follow, max-snippet:-1, max-image-preview:large, max-video-preview:-1" />
<link rel="canonical" href="https://open-eb.co/index.php/aviso-privacidad/" />
<meta property="og:locale" content="es_ES" />
<meta property="og:type" content="article" />
<meta property="og:title" content="Open Tecnología" />
<meta property="og:description" content="Software para operaciones de comercio exterior, gestión electrónica de documentos e intercambio de información, Facturación Electrónica. Proveedores Tecnológicos autorizados DIAN." />
<meta property="og:url" content="https://open-eb.co/index.php/aviso-privacidad/" />
<meta property="og:site_name" content="Opentecnología" />
<meta property="article:publisher" content="https://www.facebook.com/opentecoficial" />
<meta property="article:modified_time" content="2021-11-12T14:54:52+00:00" />
<meta property="og:image" content="https://open-eb.co/wp-content/uploads/2020/09/open.jpg" />
	<meta property="og:image:width" content="1280" />
	<meta property="og:image:height" content="720" />
<meta name="twitter:card" content="summary_large_image" />
<meta name="twitter:creator" content="@OpenTecOficial" />
<meta name="twitter:site" content="@OpenTecOficial" />
<meta name="twitter:label1" content="Escrito por">
	<meta name="twitter:data1" content="admin">
	<meta name="twitter:label2" content="Tiempo de lectura">
	<meta name="twitter:data2" content="1 minuto">
<script type="application/ld+json" class="yoast-schema-graph">{"@context":"https://schema.org","@graph":[{"@type":"Organization","@id":"https://open-eb.co/#organization","name":"Open Tecnolog\u00eda","url":"https://open-eb.co/","sameAs":["https://www.facebook.com/opentecoficial","https://www.instagram.com/opentecnologia_/","https://www.youtube.com/channel/UCwMFj8DyKs5sK1qhzGS4sdA","https://twitter.com/OpenTecOficial"],"logo":{"@type":"ImageObject","@id":"https://open-eb.co/#logo","inLanguage":"es","url":"https://open-eb.co/wp-content/uploads/2020/09/open.jpg","width":1280,"height":720,"caption":"Open Tecnolog\u00eda"},"image":{"@id":"https://open-eb.co/#logo"}},{"@type":"WebSite","@id":"https://open-eb.co/#website","url":"https://open-eb.co/","name":"Opentecnolog\u00eda","description":"Somos expertos en dise\u00f1ar e implementar soluciones integrales y estructuradas de software sobre plataformas de \u00faltima generaci\u00f3n.","publisher":{"@id":"https://open-eb.co/#organization"},"potentialAction":[{"@type":"SearchAction","target":"https://open-eb.co/?s={search_term_string}","query-input":"required name=search_term_string"}],"inLanguage":"es"},{"@type":"WebPage","@id":"https://open-eb.co/index.php/aviso-privacidad/#webpage","url":"https://open-eb.co/index.php/aviso-privacidad/","name":"OPEN TECNOLOG\u00cdA - RADIAN","isPartOf":{"@id":"https://open-eb.co/#website"},"datePublished":"2021-10-28T20:08:41+00:00","dateModified":"2021-11-12T14:54:52+00:00","description":"Registro, consulta y trazabilidad de Facturas Electr\u00f3nicas como t\u00edtulo valor administrado por la DIAN","inLanguage":"es","potentialAction":[{"@type":"ReadAction","target":["https://open-eb.co/index.php/aviso-privacidad/"]}]}]}</script>
<!-- / Yoast SEO Premium plugin. -->
